st common factor of v and 16.
4
Suppose 5*v = v + 24. Suppose 7*l - 13*l = -36. Calculate the highest common factor of v and l.
6
Let l(m) = -2*m**3 + 17*m**2 - 3*m + 5. Let s be l(5). What is the highest common divisor of 60 and s?
15
Suppose 34*x + 9*x = -20*x + 2268. Let q = 8 + 4. Calculate the greatest common divisor of x and q.
12
Suppose 67*j = 70*j - 9. Calculate the highest common factor of 2 and j.
1
Let a be 6/(-5)*(-60)/18. Suppose 4*c + 2*y - 6 = 2*c, -2*c = a*y - 10. Let b be (-2)/((8/(-20))/c). What is the highest common factor of b and 1?
1
Let y(q) = 118*q**2 - 38*q - 37. Let x be y(-1). Calculate the highest common factor of 14 and x.
7
Let z = 10 + -7. Let m = z + 19. Let r be (5 - (-19 + 3))*(-66)/(-9). Calculate the highest common divisor of r and m.
22
Suppose -2*a + 17 = -a. Let k = 21 - a. Suppose -k*l = -19 - 9. What is the greatest common factor of 1 and l?
1
Let p be (-8 + 120/36)/((-2)/27). Calculate the highest common factor of p and 189.
63
Suppose 0 = -287*j + 285*j + 688. What is the greatest common factor of 430 and j?
86
Let l = -15 - -24. Let s be (-1)/3 + 408/9. What is the highest common divisor of l and s?
9
Let c be 0*2/4*-2. Let f(p) = -p + c*p - 2 + 7 + 1. Let t be f(3). What is the greatest common divisor of t and 12?
3
Let w(j) be the second derivative of -10*j + 0 + 11/2*j**2 - 1/3*j**3. Let q be w(4). What is the greatest common factor of q and 6?
3
Suppose -k + 0*k + 16 = 0. Let q be (9/(-3))/((-3)/k). Let v(i) = i**3 + 28*i**2 - 2*i - 40. Let x be v(-28). Calculate the highest common divisor of x and q.
16
Let l(o) = -2*o**3 + 2. Let b be l(-2). Suppose 10*g = 7*g + 6. Calculate the greatest common factor of b and g.
2
Let m(p) = -3*p - 3. Let b be m(-3). Let a be (-1 + 0)*23/(-46)*-202. Let s be a/(-3) + b/(-9). What is the greatest common factor of s and 22?
11
Suppose 4*a + 21924 = 1708. Let u be (-4)/30 + a/(-105). Let x(t) = 4*t**2 + 2*t. Let q be x(-2). What is the greatest common divisor of u and q?
12
Suppose -408 = 4*l - 2116. What is the highest common factor of l and 14?
7
Let k(b) = -b**3 + 6*b**2 + 11. Let g be k(6). Let n = 8 - 3. Suppose n*y - y = 264. What is the greatest common factor of g and y?
11
Let y(o) = o + 9. Let k be -4*((-140)/(-16))/5. Let g be y(k). Suppose -2*r = 0, -4*x - x + 40 = g*r. What is the highest common divisor of 8 and x?
8
Suppose -4*c + 12 = 4*g, 45*c - 42*c = 5*g + 33. Calculate the highest common factor of c and 453.
3
Let c(p) = -2*p**3 - 2*p**2 + 4*p - 4. Let r be c(-3). Let w(v) = -v**2 + 40. Let m be w(0). What is the greatest common divisor of m and r?
20
Let a = -26 - -18. Let y be a*(-3)/(-3 - -9). Let n be 156/20 + 2/10. What is the greatest common factor of n and y?
4
Let u = -10 + 13. Let j be 257/u - 2/3. Suppose 3*w - 20 - j = 0. Calculate the highest common factor of w and 14.
7
Suppose 3*a - 78 = -4*p, 0 = 44*p - 42*p + 6. What is the highest common factor of a and 135?
15
Let c be (14 - (-2)/1)/(2/13). Calculate the greatest common divisor of 130 and c.
26
Let b = 73 + -70. Suppose b = c - 25. Calculate the highest common factor of c and 14.
14
Suppose -2*i - 23 = -93. Let z be 7/(i/(-10)) - 1*-6. Let p be 83/3 + (-1)/(-3). What is the highest common divisor of z and p?
4
Let v(a) = -a**3 + a + 7. Let z be v(0). Calculate the greatest common divisor of 91 and z.
7
Let t be (-272)/24*(3 - 4)*18. Calculate the greatest common factor of 12 and t.
12
Let r = 24 + -22. Suppose r*n = 24 + 78. Calculate the greatest common factor of n and 17.
17
Suppose 15*k = 16*k + 10. Let q = k - -18. Calculate the highest common factor of 32 and q.
8
Let r(g) be the second derivative of -g**3/2 + 3*g**2 + 21*g. Let b be r(-7). Calculate the greatest common factor of b and 27.
27
Suppose -t - t - 3*j - 12 = 0, -2*t - 4*j - 14 = 0. Let r be 1 + (16 - t) - -1. Let w(d) = d. Let u be w(3). Calculate the highest common divisor of u and r.
3
Suppose 5*t - t + 4*b + 56 = 0, 4*b - 49 = 3*t. Let i = -3 - t. Calculate the greatest common factor of 108 and i.
12
Let c be (-1)/3 - (-49800)/90. What is the highest common factor of c and 79?
79
Suppose -p + 31 = 2*w - 5, -79 = -2*p + 3*w. Let q = 52 - p. Calculate the greatest common factor of q and 2.
2
Let s = 31 - -18. Let t = s + 17. What is the highest common factor of t and 6?
6
Suppose 2*p - 5*m + 15 + 5 = 0, -20 = -5*m. Suppose 3*q + y = -p*q + 378, -y + 630 = 5*q. What is the highest common divisor of 18 and q?
18
Suppose 5*w - 89 = l, 0*w + w = l + 21. Let q = -8 - -127. Calculate the greatest common divisor of w and q.
17
Suppose -320 = -44*h + 34*h. What is the highest common factor of h and 38?
2
Let s(r) = -r**3 + 8*r**2 - 7*r - 6. Let g be s(7). Let d be (3/2)/(g/(-164)). Let l = d + -17. Calculate the highest common divisor of 12 and l.
12
Let c(m) = -13*m - 4. Let p be c(-2). Let f = p + -17. Suppose y - f*y = -200. Calculate the greatest common divisor of y and 20.
10
Let u be 131 + (16/(-56) - 30/(-7)). Calculate the greatest common divisor of 150 and u.
15
Let a = 233 + -128. Let q = 15 - -6. What is the highest common divisor of q and a?
21
Let h = -696 - -1446. What is the highest common divisor of 6 and h?
6
Let v = 198 + -3. Calculate the highest common factor of 15 and v.
15
Suppose 2051 - 1651 = 8*w. What is the highest common divisor of 90 and w?
10
Let o = 70 - 50. Let n be -14 + (-4)/1 - 3. Let b be (-9)/n + 414/14. Calculate the highest common factor of o and b.
10
Let s be 15 + 39 + (-6)/(-3). What is the highest common factor of s and 42?
14
Suppose -7 = -5*c + 2*o + 2*o, 2*c + 5*o + 17 = 0. Let y be c + 6/3 + 3. Let f be (2/y)/(4/16). Calculate the greatest common factor of 18 and f.
2
Let f = 172 - 156. Let l be 0 - (12 - (6 + -3)). Let y(q) = -6*q - 6. Let s be y(l). Calculate the highest common divisor of s and f.
16
Let v be 16/14 - 1 - 2432/(-224). Let t = 274 - 175. Calculate the highest common divisor of v and t.
11
Suppose 5*c = c. Suppose -5*n = -c*n + 140. Let s = -18 - n. Calculate the greatest common factor of 10 and s.
10
Let l(g) = -g**3 - 26*g**2 - 50*g - 18. Let i be l(-24). Calculate the highest common divisor of 270 and i.
30
Let b(c) be the second derivative of -5*c**3/6 - 13*c**2 + 6*c. Let x be b(-8). Calculate the greatest common divisor of 56 and x.
14
Let s = -12 + 17. Suppose -r + s*q = 9, -2*r + 5*r + 3*q - 27 = 0. Suppose 4*g - 218 + 170 = 0. What is the greatest common factor of r and g?
6
Suppose -20 = -u + 2*i, 2*i - 50 = -u - 10. Let v = -50 - -41. Let r be 6 + 2 + (5 - v/(-3)). Calculate the highest common factor of r and u.
10
Let x be (-270)/(-9)*(9/(-6) - -3). Calculate the greatest common divisor of x and 255.
15
Suppose 0 = 5*y - 5*o - 555, -2*y + 0*o = -o - 219. Calculate the highest common factor of y and 4.
4
Let n be 9 - 120/(-18)*27. Let h be -42*((-6)/(-4) - 2). Calculate the highest common divisor of n and h.
21
Let y(l) = 2*l. Let u be y(-3). Let v = -3 - u. Suppose -s + 4 = -v. What is the greatest common divisor of 7 and s?
7
Let u be 7/6 - (-2)/(-12). Let f be -4 + -1*-12*u. Suppose 4*y = -3*v + 74, 2*v + 88 = 4*y - 2*v. What is the greatest common divisor of y and f?
4
Let g(p) = -23*p - 12*p**2 + 4*p**2 + 10*p**2. Let u be g(12). What is the greatest common factor of u and 36?
12
Suppose 17*g = 13*g + 72. Let q be ((-44)/12)/((-1)/3). Let r = 29 - q. Calculate the highest common divisor of r and g.
18
Let q be (11 - 9)/((-14)/(-483)). Calculate the greatest common factor of 253 and q.
23
Let n be ((-54)/7)/(49/(-343)). Calculate the highest common factor of 6 and n.
6
Suppose -8240*m = -8248*m + 48. Let d be 2*((2 - 2) + 2). Calculate the greatest common divisor of d and m.
2
Suppose 70*l - 40*l - 180 = 0. Let r(s) = 10*s**2 + 4*s. Let w be r(-3). Calculate the highest common divisor of w and l.
6
Let o be (20/6)/(4/138). Let v = -651 + 674. What is the highest common divisor of v and o?
23
Let v(s) = 2*s**3 - 11*s**2 - 2*s - 4. Let w be v(6). What is the greatest common factor of w and 310?
10
Let v = -1053 - -1165. What is the highest common factor of 88 and v?
8
Suppose -2*i + 4 = -3*i. Let o(r) = r**3 + 6*r**2 + 6*r - 6. Let h be o(i). Calculate the highest common divisor of h and 3.
1
Let k be 7*(-2 + (-1 - -13)). Suppose i = 0, 0